d derivative of 7*a**3/3 - 5*a**2/2 + 1197*a. What is i(3)?
37
Let l(m) = -16*m - 77. Let t be l(-5). Let d be ((-8)/(-6) + 46/(-12))*2. Let p(s) = -6*s + 4. Let g(o) = 6*o - 4. Let u(w) = d*g(w) - 6*p(w). What is u(t)?
14
Let j(p) = 3*p**2 + p + 2. Let c(m) = 3*m**3 + 5*m - 9*m - 12*m**2 + m + 46 - 4*m - 4*m**3. Let h be c(-11). Determine j(h).
16
Let x be (0 - -2)*(4 + -14). Let t(u) = -u**3 - 19*u**2 + 25*u - 32. Determine t(x).
-132
Let y(v) = -18*v**3. Suppose 5*o = -k - 7, -53*k + 39 = -50*k - 5*o. Suppose -16 = -u - 5*q, u + k = -4*q + 21. What is y(u)?
-18
Let o(n) be the first derivative of n**3/3 - n**2/2 + 2*n + 209. Let s(u) = 2*u**3 + 53*u**2 + 18*u + 28. Let x(i) = 6*o(i) - s(i). Calculate x(-23).
7
Let n(b) = -b - 23. Let t = -3036 - -3022. What is n(t)?
-9
Let x be (-2)/(24/(-2)) + (-1078)/(-12). Suppose 2*p + x = 12*p. Let c(m) = -m**2 + 9*m + 7. Calculate c(p).
7
Let i(f) = f**3 + 2*f**2 + 4*f. Let v(o) = -3*o**2 + 19*o - 31. Let k be v(4). Give i(k).
-21
Let b(f) be the first derivative of 2*f**3/3 - 19*f**2 + 48*f - 228. Determine b(18).
12
Let l(f) = f**2 - 3*f - 2. Suppose -2*v = v - 177. Let k be (-8)/76 + v/19. Give l(k).
-2
Let c(j) = -4 - 3 - 2*j**2 - 7*j + 1. Let b(w) = 2*w**2 + 6*w + 5. Let l(x) = -7*b(x) - 6*c(x). Suppose -164*u - 226*u - 390 = 0. Calculate l(u).
-1
Let v(t) be the second derivative of -t**4/12 - 4*t**3/3 - 7*t**2/2 - t. Suppose 21*o - 356 = 2227. Let r = o - 130. Give v(r).
0
Let z(l) = l**2 - 12*l - 12. Let h be z(0). Let b(v) = v**3 + 12*v**2 - 2*v - 16. Give b(h).
8
Let z(m) = 21*m - 25. Let v(s) = 360*s + 4686. Let g be v(-13). Determine z(g).
101
Let x be (1/(-3))/(1/(-3)). Let h(b) = 9 - 31 - b + 15. Let y(d) = -d + 1. Let w(a) = h(a) + 6*y(a). Calculate w(x).
-8
Suppose c - 5 = 0, 566*c - 567*c = -3*z - 14. Let p(t) = -3 - 4*t**2 - 4*t + 3*t**2 + 0*t**2. Calculate p(z).
0
Let w(p) be the second derivative of 13*p**4/12 + p**3/6 + 5*p. Suppose 4*t = -4, -2*v + 7*v = -t - 151. Let x = v + 29. Give w(x).
12
Let h(r) = r**2 + 7*r - 9. Let a be 63/15 - 2/10. Let y(p) = -p**3 - 4*p**2 - 2*p - 4. Let t be y(-4). Suppose 4*f + t*j - 25 = -73, j = -a. Determine h(f).
-1
Let r(j) = 19*j - 6. Let w(q) = 34*q - 11. Let z(v) = 9*r(v) - 5*w(v). Determine z(8).
9
Let u(d) be the third derivative of -d**5/60 - 7*d**4/12 - 19*d**3/6 - 197*d**2. Determine u(-11).
14
Let q be (-2)/5 - 68/(-20). Let w be -1 - (64/(-11) + 8/(-44)). Let g(c) = -5*c + 6 - w - 7 + 7. What is g(q)?
-14
Let h = 29 + 19. Let p = 52 - h. Suppose -g - p*d + 3 = 4, 0 = g - 5*d - 8. Let c(q) = -2*q - 4. Determine c(g).
-10
Let g(h) be the first derivative of -h**2/2 - 28*h - 110. Let l be g(-35). Let i(q) = -2 + 2 + 2*q - 4. Determine i(l).
10
Suppose -1 = 4*a - 5*a. Let g = 51 + -49. Let s(l) = l**g + 2*l**2 - 49 + 49. What is s(a)?
3
Let m(k) = -97 + 4*k - 95 - 2*k - 87 + 271. Calculate m(10).
12
Suppose 4*v - 13 = -3*y, -5*y + 4*v + 3 = -8. Let x(o) = 4*o - 18*o**3 + 56*o**y - 17*o**3 - 23*o**3. What is x(-2)?
8
Let m(s) be the first derivative of -28/3*s**3 + 0*s + 0*s**2 + 79. What is m(-1)?
-28
Let h(w) = 32968 - 16486 - 4*w**2 - 16485 - 7*w. Calculate h(-2).
-5
Let y(x) = 5*x + 15. Let u(t) = t**3 + 89*t**2 - 88*t + 179. Let s be u(-90). What is y(s)?
10
Suppose v - 97 = 4*z, -4*v + 5*v - 91 = 2*z. Let x be v/(-15) + (25/15 - 1). Let h(j) = j**2 + 6*j + 3. Calculate h(x).
-2
Let l be ((45/30)/((-1)/(-2)))/(9/24). Let a(d) = -27*d + 231. Determine a(l).
15
Let i = 43 - 37. Let y be 3 + i/(6/(-25)). Let h be y/99 + (-2)/9*-28. Let q(z) = z**2 - 6*z + 1. What is q(h)?
1
Let b(w) = -w**2 + 66*w + 16 - 12 - 65*w. Let c(j) = j. Let r be c(2). Suppose -4*a - 17 = 3*u, -2*u + 0 = -2*a + r. Calculate b(u).
-8
Let t(z) = 6*z**3 - 6*z - 9. Let v be t(-2). Let m = v + 47. Let i(l) = -l**3 - 9*l**2 + 10*l - 2. Let q(r) = r**2 - r. Let f(x) = i(x) + 6*q(x). What is f(m)?
-14
Let c(y) = 34*y**3 - y + 2. Let t be (-57)/(-55) + 2/(-55). Determine c(t).
35
Let b(j) = -3*j**3 + 9*j + 3. Let m(l) = 3*l**3 - 6*l - 3. Let n(u) = 2*b(u) + 3*m(u). Determine n(-2).
-27
Let b(f) be the third derivative of -f**2 + 0 + 7*f + 1/3*f**3 - 1/8*f**4. Determine b(-5).
17
Suppose 23 = 3*d - 2*h, 5*h = 5*d + h - 37. Let t(n) be the third derivative of -n**6/120 + 2*n**5/15 + n**4/3 + n**3/6 - 353*n**2. Give t(d).
-8
Let l(d) = -6*d**2 - d**3 - 5*d - 59 - 56 + 175 - d**2 - 59. Let c(h) = h**3 + 6*h**2 + h + 8. Let f be c(-6). Let x = -4 - f. Give l(x).
-5
Let f(j) = -j - 17. Let a = 2408 + -2396. What is f(a)?
-29
Let a(k) = -k**3 + 11*k**2 + 144. Let h be 17/(12 + -29) - 52/(-4). What is a(h)?
0
Let o(k) be the first derivative of 2*k**4 + k - 9. Let l(f) = 11*f**2 - f**3 + 11 + 5*f - 2*f + f**2 - 4*f. Let w be l(12). Determine o(w).
-7
Let y(a) = a**3 + 27*a**2 + 9*a + 253. Let v be y(-27). Let q(d) = d**2 - 11*d - 22. Give q(v).
-32
Let j(k) = -1. Let p(r) = -r + 4. Let q(w) = 4*j(w) + p(w). Let g be 138/(-27)*1 + 8/72. Determine q(g).
5
Suppose -28 = -4*m - 3*d, -4*m + 29 = 2*d + 5. Let y(a) be the second derivative of a**2 - 1/20*a**5 + 1/6*a**4 + 5/6*a**3 + 11*a + 0. Give y(m).
-10
Suppose n + 3*t - 126 = 0, 0 = 3*n + 4*t + 170 - 528. Let w be (-4)/(-2) - (-21 - -21). Let c(s) = w*s - n + 114. Give c(-7).
-14
Let g(k) = -k**3 + 4*k**2 + 11*k - 29. Let b be g(2). Let p(n) = -19*n**3 + 2*n - 2. Give p(b).
-19
Let u = 170 + -178. Let l be (-6)/u + 220/(-80). Let g(s) = 3*s - 5. Let i(b) = b - 2. Let d(v) = -2*g(v) + 5*i(v). What is d(l)?
2
Let p be (49/28 - 2)/((-6)/120). Let s be ((-14)/(-12) - p/30)*-3. Let t(o) = o**3 + 4*o**2 - 6. What is t(s)?
3
Let b(y) be the third derivative of y**6/120 + y**5/10 + y**4/24 + y**3/6 - 128*y**2. Determine b(-6).
-5
Suppose -u + 3 - 2 - 1 = 0. Let a(y) = y**2 + 3*y - 15. Give a(u).
-15
Let u(a) = a**3 - 3*a**2 + 2*a. Let n be -6 - -7 - 3 - 2. Let z be (n/10)/((-2)/15). Calculate u(z).
6
Let y(o) = -3*o - 765*o**2 + 2272*o**2 + 0 - 760*o**2 - 754*o**2 + 3 - o**3. Calculate y(-5).
-32
Let q(l) = 2*l + 8. Let o(a) = -4*a**2 + 7*a - 5. Let f(h) = -h**2 - 2*h + 1. Let u(k) = -f(k) - o(k). Let n be u(1). Determine q(n).
16
Let c(u) be the third derivative of u**6/120 - 13*u**5/60 + 13*u**4/24 - 7*u**3/2 + 135*u**2 - u. Determine c(12).
-9
Let i(p) be the second derivative of p**7/840 - p**6/90 + p**5/60 + p**4/8 - 37*p**3/2 - 22*p. Let f(d) be the second derivative of i(d). Determine f(3).
0
Let a(l) be the second derivative of l**5/20 + l**4/6 + l**3/6 + 3*l**2 - l - 82. Determine a(-3).
-6
Let s(j) = -j**3 - 5*j**2 + 12*j - 7. Let h(q) = 3*q**3 + 15*q**2 - 35*q + 20. Let k(t) = -6*h(t) - 17*s(t). Suppose -3*y - 5711 = -5693. Calculate k(y).
-1
Suppose -3*f + 2*a + 2 = 0, 5*a - 17 = -3*f + 4*a. Suppose 4*k = 8 - 0. Let m(s) = -4*s**3 + k + 3*s**3 - 4*s**2 + 6*s**2. What is m(f)?
-30
Let l(a) be the second derivative of -a**3/6 - 2*a**2 + 8207*a. Let c = -9 + 3. What is l(c)?
2
Let x be 3254/1 + (-1)/(1/(-2)). Let f(a) = -x*a + 3255*a - 2 - 2. Give f(-7).
3
Suppose 0 = -3*h - 5*g + 23, -2*h + 0*h + g = -24. Let q(k) = -h - 10 + 2*k**2 + k + 22. Let p(i) = i**2 + i - 7. Let x be p(-3). Determine q(x).
2
Let i(x) = 28*x**2 - 242*x - 62. Let a(l) = 9*l**2 - 80*l - 25. Let n(m) = -8*a(m) + 3*i(m). What is n(7)?
0
Let i(a) = -3*a**2 + 26*a - 129. Let z(p) = p**2 - 7*p + 30. Let o(x) = 2*i(x) + 9*z(x). Determine o(6).
54
Let q(x) = 7*x**3 + 46*x**2 + 29*x + 21. Let w be q(-6). Let c(b) = 5*b + 7. Give c(w).
-38
Let f(i) = 23*i + 1. Let t(d) = 26*d. Let v(o) = 4*f(o) - 3*t(o). What is v(-3)?
-38
Let c(r) be the second derivative of -r**5/20 - 5*r**4/12 + r**3/3 + 3*r**2 + r. Let g = 631 - 706. Let p be (4 + -7)*g/(-45). What is c(p)?
-4
Let u(j) = -3*j - 4. Let a(r) = 16*r + 21. Let o(v) = -2*a(v) - 11*u(v). Suppose -30 = p - 33. Suppose p*x - 4 = -5*l - 2, -30 = -5*x + 5*l. What is o(x)?
6
Suppose -k - 8*f = -5*f - 63, -250 = -5*k - 2*f. Let z(p) = 0*p - 43 - k + 2*p + 137 - 44. Let m(i) = i**3 - 3*i**2 - 4*i + 2. Let q be m(4). Calculate z(q).
6
Let k(n) = n + 9. Let h be k(-4). Suppose h*z = 8*z + 6. Let x(d) = -2*d + 1. Let c(w) = 12*w - 7. Let q(u) = 2*c(u) + 14*x(u). Determine q(z).
8
Let a(b) = b + 4. Let g be -5*3/(45/(-6)). Let m be (g/((-8)/(-14)) + -3)*10. Suppose w + z = -8, -m*w - 3*z - 9 = 27. Give a(w).
-2
Suppose -29*